1/j*(7 + 5). Suppose -3*i + 589 = 5*l, -l - t = -3*i + 465. Is i a composite number?
True
Suppose 61888524 = 898*c + 41285236 - 858415686. Is c a composite number?
False
Let h be 296/56 + (8/(-14))/2. Suppose -3*y - 10 = -h*y, 4*c - 29 = -5*y. Is (-3 + 677)*c/2 prime?
True
Let z(d) = -2*d**2 + 9*d + 20. Let q be z(6). Suppose q*w - n - n - 5512 = 0, -5 = -n. Is w a prime number?
False
Let o = -117 + 121. Let n(p) = 22*p - 3. Let q be n(o). Suppose -q + 14 = -y. Is y composite?
False
Let x = 2109745 + -1069644. Is x composite?
False
Let t = 51 - 20. Let q be (5 + -25)/5*(-28)/16. Is q*(-4)/(-4)*t a composite number?
True
Let n be (-3 + (-11 - -4))*(-3 - -7). Let x(g) = -11*g + 6. Let o be x(14). Is (-5)/(n/o)*-2 composite?
False
Is (-872)/(-218)*(-134434)/(-7) - 6/14 a composite number?
False
Suppose -30*p + 57*p = 38*p - 1955041. Is p prime?
False
Let q be -1*(-5 - -1) + 1/(-1). Suppose 0 = 26*t - q*t - 75003. Is t composite?
True
Let u be 78/(-351) - 130/(-18). Suppose -u*k + 472 = k. Is k composite?
False
Is (-1280773934)/(-488) + 18/8 composite?
False
Let u = -18 + 22. Suppose -2*z = -5*i - 16, 4*z = 3*z - 4*i - 5. Suppose 22 = -z*d - 2*r + 234, r = -u*d + 291. Is d a prime number?
False
Suppose -3*c + 2 = -4*c, 3*v = -2*c + 331865. Is v a prime number?
True
Let a(i) = i**2 - 3*i + 2. Let v be a(4). Suppose v*h - 3*h - 2394 = 0. Suppose h + 154 = 8*n. Is n composite?
True
Let p = 475468 - 329349. Is p a prime number?
False
Let j be -1*(-4)/8*4854. Is 26/(-13)*j/(-6) prime?
True
Let f = -167 + 191. Suppose -15 = 5*l, -20*l + f*l = 4*j - 9592. Is j composite?
True
Is (4 + (-28)/6)*117254124/(-312) composite?
False
Suppose 6 + 3 = 2*h + b, -2*h + 3*b = -21. Is (h/(-9))/((-12)/18774) a composite number?
True
Let r(d) = -d**2 - 10*d - 19. Let h be r(-3). Suppose 0*c = -o + h*c + 18, 2*c = 4*o - 48. Suppose -o*n + 2*n = -17768. Is n a composite number?
False
Suppose -46*u + 2*h = -43*u - 654585, 436358 = 2*u + 4*h. Is u composite?
False
Let w = -10614 + 36407. Is w a composite number?
False
Suppose -1103403 = -43*k + 3584242. Is k a composite number?
True
Let o(n) be the third derivative of n**6/120 + n**5/10 - n**4/6 - 5*n**3/6 + 31*n**2. Let m be o(-7). Is 5 + (-524)/m - (-2)/(-13) composite?
True
Suppose -3*l - 171*p + 170*p = -367235, 4*l + 4*p - 489652 = 0. Is l composite?
True
Let o = 69 - 45. Suppose -7*h + o = -h. Is 294 + 4/(h - 0) a prime number?
False
Suppose 0*d = -7*d - 19600. Let q = d - -7787. Is q composite?
False
Let v be 3/(-135)*-579 - (-6)/45. Suppose -b + 48748 = v*j - 10*j, 2*j - b = 32497. Is j a composite number?
False
Let j(y) = -13*y**2 + 999*y**3 - 9 - 997*y**3 - 2*y**2. Is j(8) a composite number?
True
Suppose 946962 = 802*r - 784*r. Is r a composite number?
False
Let p(j) = -31*j + 188. Let t be p(6). Is -123*t/2*2826/(-54) a composite number?
True
Let r(t) = -2945 - 53*t - 43*t + 2895. Is r(-18) a prime number?
False
Is -1*189547*(12 + (-299)/23) prime?
True
Let b(d) = -17*d. Suppose 5*s + 36 = -3*x, 17 = -2*x + 2*s - 3*s. Is b(x) prime?
False
Suppose 0 = -12*i + 10*i - 54. Let r be (-99)/i - (-4)/(-6). Suppose -2*x = 5*k - 2741 - 3994, 6710 = 5*k - r*x. Is k prime?
False
Let n(u) = 13*u - 5*u**2 - 3*u**2 + 1 - 4*u**2 - u**3 + 10*u**2. Let q be n(-9). Suppose 2*c - 5*i = q, -5*c + 3*i - 6*i + 1112 = 0. Is c a composite number?
False
Let l be (-20)/3 - (60/(-18))/5. Is 3794 + -6 + (-1 - l) composite?
False
Is (-28)/(-12)*(-15 - -732) prime?
False
Let i = 35076 + 23993. Is i prime?
True
Suppose -y = -c - 4, -2*c + 18 = 4*y - 4. Suppose 0 = -2*u - i + 7, -3*u + y*i = 5 + 4. Is (3 + -2 - u)*-1*223 a prime number?
True
Let o(d) = -156*d - 193. Let j = 548 + -557. Is o(j) prime?
False
Is -758*(24/(-144) + 43/(-3)) composite?
True
Let a(n) be the second derivative of n**4/2 - 17*n**3/6 + 4*n**2 - 6*n - 2. Suppose 4*w = w + 27. Is a(w) composite?
True
Let m be (36/(-114))/(-3) + (-56460)/(-76). Let j = m - -698. Is j prime?
False
Let d(k) = k**2 + 4*k + 30. Let a be d(-6). Suppose 32 = -h + a. Suppose h*x - 789 = 7*x. Is x prime?
True
Suppose 0 = 3*u + 2*u + 2*g - 7370, -5*u = 3*g - 7375. Suppose 2*l - u = 1292. Is l prime?
False
Is (5 + 32572 - 10) + -6 a prime number?
True
Suppose -21 = 4*c - 9761. Suppose 3*q + f - c = 4132, 5*f = 2*q - 4378. Is q a composite number?
True
Let p(r) = -r**3 + 2*r**2 + 4*r - 5. Let j be p(2). Suppose 5*g - 2*i - 11 = -5*i, -j*g - i + 9 = 0. Suppose -4*d - g*d + 4696 = 0. Is d composite?
False
Suppose -3*m + 6143 = 2*t, -7*m - 10250 = -12*m - t. Is m a prime number?
False
Let j = 9256 - -24242. Suppose 14*m - j = 8*m. Is m prime?
False
Let r(b) = 6*b**3 - 9*b**2 + 26*b + 11. Let j be r(-10). Let v = j + 10598. Suppose -v = -5*k - 634. Is k composite?
False
Suppose -l - 1 = -7. Suppose 0*w + l = 3*w. Suppose 0 = -5*q - 4*y + 1273, w*q + 0*y - y - 504 = 0. Is q a composite number?
True
Let n(i) = 2576*i - 26. Let g(o) = -o**3 + 5*o**2 - 2*o - 3. Let u be g(3). Let t be n(u). Is 15/10 - -1*t/4 composite?
False
Suppose 199*z - 196*z - 571417 = 2*f, 4*z + 4*f = 761876. Is z a composite number?
False
Let d(i) = 63*i**2 - 56*i - 7. Let v be d(-9). Suppose -c + 1067 = -v. Is c a prime number?
False
Let u = -207071 - -295404. Is u composite?
True
Let r = -86024 + 169227. Is r composite?
False
Suppose 3*u - 125791 = -k, -10*k + 14*k - 503220 = 2*u. Is k prime?
True
Let j(r) be the third derivative of -r**6/120 - r**5/15 - 11*r**4/24 + 11*r**3/6 - 3*r**2. Suppose -15*o = 252 - 102. Is j(o) a prime number?
False
Let c = -2318 - -5377. Suppose -5*m - 4*s = -15375, m - c = -0*s - 4*s. Is m a composite number?
False
Suppose -15 = -29*b + 43. Suppose 1062 = 2*p - 5*j, -b*p + 6*p - 2168 = -j. Is p a composite number?
False
Let c = -360 + 270. Let r be -4 - 2*-174 - 1. Let o = c + r. Is o a composite number?
True
Let w be ((-1084)/(-6))/((-9)/(-135)). Suppose 3*l = 6 + 3, -4*m - 2*l + w = 0. Let q = m + -347. Is q a composite number?
True
Is 5/((-60)/16)*(-3929880)/160 prime?
True
Let a(t) = t**3 - 7*t**2 + 7*t - 2. Let f be a(6). Suppose 41968 = r + 4*r - 2*h, 5*r - h - 41964 = 0. Is 2/f*r/(0 + 4) a prime number?
True
Suppose 5*k - 7865211 = -6*x, -9*k + 6*k = -5*x + 6554364. Is x a prime number?
False
Is 1/(1/60806)*((-650)/52 + 18) a prime number?
False
Let h be (-23389)/(-4) + 130/(-40) + 4. Suppose 3*g - 6537 = 2*d, -4*d - 5047 = -5*g + h. Is g prime?
True
Is (42835/4 + 22)*(4 + 0) a composite number?
False
Let v = 45 + -43. Let i be 0/v - (-12)/2. Suppose 350 = i*t - 1192. Is t a prime number?
True
Suppose 0*r = 2*r - 8. Suppose 0 = -r*i + 787 + 8721. Suppose -i - 7888 = -5*c. Is c composite?
False
Suppose -24*u - 2*g - 47038 = -28*u, -4*u = g - 47035. Suppose 100*j = 89*j + u. Is j a composite number?
False
Let g(h) = 160*h**2 + 5*h - 3. Let u be (-17)/136 - (-9)/8 - -4. Suppose 6*i + 14 = 3*i - 4*f, -3*i - u*f = 19. Is g(i) a composite number?
False
Let z = -96507 - -234416. Is z a prime number?
True
Let y = 47 - 45. Let d be 1*3/(28/(-20) + y). Let n(s) = 9*s**3 - 5*s**2 - 12*s + 31. Is n(d) a prime number?
True
Let z = -1561367 - -2437260. Is z composite?
False
Suppose n - 90 = -2*d + 1545773, 0 = -2*d + 10. Is n prime?
False
Suppose q + 10 = -2*u, 5 = 12*u - 13*u. Suppose -c - 35523 = -2*k - 2*k, 3*c - 3 = q. Is k a composite number?
True
Suppose -5*f = 5*b + 10, -3*f - 4 = -0*f + 2*b. Suppose -4*m + 62611 + 4937 = f. Let x = 24106 - m. Is x prime?
True
Let v(u) = -u**2 - 2*u + 8. Let j be v(-3). Suppose 3*m + 46331 = 4*i, -5*i = -8*i - j*m + 34712. Is i composite?
False
Is (-18)/39 + (-1503271)/(-91) prime?
True
Suppose 629650 = 143*p - 1081543 + 310222. Is p prime?
False
Suppose -7*s + 672 + 7385 = 0. Suppose l = -0*l + 5*u + s, l + 4*u - 1187 = 0. Is l a composite number?
False
Is (1594*(-2)/(-12))/(6/3258) composite?
True
Let o = -93 + 84. Is -2 + -1 - (o - 961) composite?
False
Let t = -30217 + 172838. Is t a composite number?
True
Suppose -2*z = 5*n - 2009, 4*z + 12*n - 4000 = 8*n. Let m = 2100 - z. Is m a composite number?
False
Suppose -48*j + 96*j - 3303888 = 0. Is j a composite number?
True
Let z(m) be the first derivative of -67*m**3 + m**2 + 15. Let w be z(2). Let a = 1759 + w. Is a a prime number?
False
Suppose 0 = -36*r + 39158470 + 21123566. Is r a composite number?
True
Let j(o)